List the prime factors of z(3).
7
Let x(m) = 10*m - 10. What are the prime factors of x(6)?
2, 5
List the prime factors of (-7)/35 - 1442/(-10).
2, 3
Suppose 2*z - 28 - 2 = 0. Suppose 0*x = -5*x + z. List the prime factors of x.
3
Suppose -1 + 0 = 3*h + 4*u, 4*u + 8 = 4*h. List the prime factors of 6 + (h - 4) + 5.
2
Suppose -2*z = -10, 21 - 266 = -5*x + 3*z. Let c = -36 + x. List the prime factors of c.
2
Let s(j) be the third derivative of -j**6/120 + j**4/6 + 2*j**3/3 - 4*j**2. What are the prime factors of s(-3)?
19
Let v(k) = -k**2 + 5*k - 2. What are the prime factors of v(3)?
2
Let i = -18 - -75. What are the prime factors of i?
3, 19
Let a = -8 - -13. Suppose a*v = v + 8. Suppose 36 = 4*g + 2*c, -g + 31 = v*c - 7*c. What are the prime factors of g?
11
Let d = 7 - 5. Suppose 5*n = d*n + 21. What are the prime factors of n?
7
Suppose k - 2*x = 12, -2*k + 19 = 3*x - 6*x. Suppose k*u = -0*u + 18. What are the prime factors of u?
3
What are the prime factors of (56/(-21))/(4/(-18))?
2, 3
Let x = 71 + 90. What are the prime factors of x?
7, 23
Let l = -147 + 252. List the prime factors of l.
3, 5, 7
Let k(l) = 12*l + 5. Let f(j) = 6*j + 2. Let g(b) = 7*f(b) - 3*k(b). What are the prime factors of g(4)?
23
Let l(a) = 6*a**3 + 2*a - 2. What are the prime factors of l(2)?
2, 5
Let t = -31 + 89. What are the prime factors of t?
2, 29
Suppose 2 = -3*j + 5. Let f = 8 + -2. Suppose -f - j = -q. What are the prime factors of q?
7
Suppose 3*d = -4*v + 3, d - 5*v = -d + 25. Suppose -34 - 91 = -d*g - 2*t, -3*g + 84 = 3*t. What are the prime factors of g?
23
Suppose 2*p + 2*p + 8 = 0. List the prime factors of (1/(-1))/(p/18).
3
Let r = -1 - -6. Suppose 0 = -2*x - 37 + r. What are the prime factors of (-5)/(10/x) - 0?
2
Let w = 11 + -11. Suppose 423 = -4*m - 5*b, w = 4*m - 5*b + 126 + 267. List the prime factors of (m/3)/((-4)/2).
17
Let n be 1 + 2 + -4 + 3. Suppose 4*d - 34 = -n*y, -3*y + 8*y - 5 = 0. What are the prime factors of d?
2
Suppose 5*p + 4 = 29. List the prime factors of p.
5
Suppose -2*o = -0*o - 4. Let j(g) = g**2 + 0*g - g - o + 1. List the prime factors of j(-2).
5
Suppose 3 = -v + 2*v. Let a(r) = -r**3 + 4*r**2 - 4*r + 3. Let q be a(v). Suppose m = -q*m + 5. What are the prime factors of m?
5
What are the prime factors of 11/1 - (-11 + 9) - 0?
13
Let a(d) = 7*d**3 + 10*d**2 - 5*d - 6. Let n(y) = 15*y**3 + 21*y**2 - 10*y - 13. Let o(c) = 13*a(c) - 6*n(c). What are the prime factors of o(-4)?
2, 5
Let h(t) = -6*t**2 + 38*t - 10. Let k(d) = 4*d**2 - 25*d + 7. Let u(w) = -5*h(w) - 8*k(w). Let b be u(6). List the prime factors of (b/(-4))/(6/8).
2, 3
Let n be -7 + (-1 - (1 + -1)). Let a be (-11)/(-4) + (-2)/n. Suppose -5 = -a*x + 22. What are the prime factors of x?
3
List the prime factors of 324/(-63)*(-7)/1.
2, 3
Let m = -6 - -29. Let x be m - (0/3 + -1). Let b = x - 16. List the prime factors of b.
2
Suppose 0*h + 5 = -h - 3*u, -4*h + u = 20. Let k = h - -1. Let q = k - -6. List the prime factors of q.
2
List the prime factors of 1*2/(-12) + 1011/18.
2, 7
Suppose 0 = f - 1 - 2. Suppose 2*u = 3*y + 4, 5*u - 6*y - 19 = -f*y. What are the prime factors of u?
5
Let z(g) = -8*g - 1. Let a be z(-2). Suppose -v - 2*l + a = 0, 5*v = -0*l - 5*l + 50. Suppose -v*h - 38 = -88. List the prime factors of h.
2, 5
Suppose -2*q + q = -3. Let o(k) = -k**3 - 3*k**2 + 5*k - 7. Let f be o(-5). Suppose q*r - r = f. List the prime factors of r.
3
Let w = -1 - -6. Suppose 4*p + p = -5*c + 145, -5*c - p = -129. Suppose -6*m = -m + 3*d - c, 20 = w*m + 2*d. List the prime factors of m.
2
Let m be 2 + 0 - (-1 + 8). List the prime factors of (19/m)/((-2)/10).
19
Let q = 9 + 5. Suppose -4*j + q = -2*j. What are the prime factors of j?
7
Suppose 243 - 63 = 2*m. What are the prime factors of m?
2, 3, 5
Suppose b + 3*r - 5*r + 1 = 0, 4*b + 20 = 4*r. Let c be (6/b)/((-1)/6). Suppose 5*n = c*u, -4*u + 3*u - 11 = -4*n. List the prime factors of n.
2
Let o = -21 + 31. Let j(g) = 2*g - 2. Let b be j(2). What are the prime factors of o*2/4 - b?
3
Let a(f) = 10*f + 1. Let k(l) = -l. Let m(h) = a(h) + 2*k(h). List the prime factors of m(2).
17
Suppose 5*r + 2*f = 55, r + 0*f - 19 = -2*f. Let m be 36/r - (0 - 1). List the prime factors of 7 + 6/(m + -2).
3
Suppose 13*z + 185 = 18*z. What are the prime factors of z?
37
Let b(n) = -n**3 + 3*n**2 - n. Let q be b(2). Let u(f) = 5*f**2 - f - 1. Let a be u(q). Let s = a - 8. What are the prime factors of s?
3
Let q be 3/12 - (-15)/4. Let p(d) be the second derivative of -d**5/20 + 5*d**4/12 - d**3/2 + 2*d**2 + 2*d. What are the prime factors of p(q)?
2
Suppose 3*j = -j + 44. What are the prime factors of j?
11
Let q be 8/2*2/(-4). Let k be q/6 + 9/27. Suppose k = -5*z - 0*z + 85. List the prime factors of z.
17
Let g(x) = x - 1. Let m be g(-5). Let p(h) = 10 + h**2 - 4 - 2 + 5*h. List the prime factors of p(m).
2, 5
Suppose -5*i + 3*n = -822 - 281, 3*n - 12 = 0. List the prime factors of i.
223
Suppose -53 = -6*x + 5*x. List the prime factors of x.
53
Let c(f) = f**3 + f**2 + 2*f - 2. Suppose -8*h = -13*h + 10. List the prime factors of c(h).
2, 7
Let q = -10 + 44. What are the prime factors of q?
2, 17
Let a = 136 + -89. What are the prime factors of a?
47
Let q(j) = -1 - 2*j**2 + 4*j**2 - j**2 + 3 - 5*j. List the prime factors of q(5).
2
Let d(l) be the first derivative of l**4/4 - l**3/3 - l**2/2 + 12*l + 3. Let m(g) = -g + 7. Let j be m(7). What are the prime factors of d(j)?
2, 3
Suppose -b + 107 = -92. List the prime factors of b.
199
Let a(w) = 6*w**3 + w**2 - 2*w + 1. Let p be a(1). What are the prime factors of (-2 - (-40)/12)*p?
2
Suppose 0 = y - 12*y + 308. List the prime factors of y.
2, 7
Let v(k) = -11*k**3 - 2*k**2 - 2*k - 1. Suppose -4*z - 2*x - 5 = -x, 2*x + 5 = -3*z. What are the prime factors of v(z)?
2, 5
Suppose -20 - 5 = 5*r - 4*d, -10 = 2*r - 4*d. Suppose 0 = z - 6*z + g + 42, 5*g + 18 = z. Let l = z + r. What are the prime factors of l?
3
What are the prime factors of (-1 - (-40 + -2)) + 2?
43
What are the prime factors of (2 + 3)*(-128)/(-10)?
2
Let i be (1/(-3))/(2/(-6)). Let s(o) = -i + 2*o**2 - 5*o**2 + 4*o**2. What are the prime factors of s(2)?
3
What are the prime factors of (2 - (-18)/5)*55?
2, 7, 11
Let p = -75 - -140. Suppose 0*y = -2*v + y + p, v - y = 32. List the prime factors of v.
3, 11
Let b(u) be the third derivative of u**6/120 + u**4/24 + 7*u**3/6 + 3*u**2. List the prime factors of b(0).
7
What are the prime factors of (-630)/(-27) + 1/(-3)?
23
Suppose 5*t = -96 + 276. What are the prime factors of t?
2, 3
Let f(w) be the third derivative of w**6/15 - w**4/24 + w**2. Suppose y + 2*y - 3 = 0. What are the prime factors of f(y)?
7
Let u = -20 - -53. What are the prime factors of u?
3, 11
Suppose 0 = -0*o + 4*o - 5*t - 21, -3*t = -o. What are the prime factors of o?
3
What are the prime factors of (-585)/5*2/(-3)?
2, 3, 13
Let l = 99 + -18. What are the prime factors of (-18)/l - 200/(-9)?
2, 11
Suppose -4*j + 126 = -d, j - 6*j + 5*d + 165 = 0. What are the prime factors of j?
31
Suppose 0 = -57*i + 55*i + 104. List the prime factors of i.
2, 13
Let d(r) be the second derivative of -r**3/6 + 3*r**2 - r. What are the prime factors of d(-5)?
11
List the prime factors of (-29 - 4)*(0 + -1).
3, 11
Suppose 4*t - 5*c = 5*t - 33, 5*t + c = 69. Suppose 0 = 3*g + t - 37. List the prime factors of g.
2
Let s = 6 + -2. Let x be 3 + (0/1)/(-2). Suppose -h + s = p, -x*h - 40 = -4*p + 4. List the prime factors of p.
2
Suppose 62 = 3*g - 106. List the prime factors of g.
2, 7
Suppose z + 2*k + 2 = -0*k, z - 6 = 2*k. Suppose -z*s - 12 = 38. List the prime factors of (-5)/2*90/s.
3
Let i(a) = a**2. Let r(k) = k**3 + 3*k**2 - 2*k + 5. Let d be r(-4). List the prime factors of i(d).
3
Let f be (15/10)/(1/2). Let g = f + 7. What are the prime factors of g?
2, 5
Let n(w) = -9*w**3 - 3*w**2 - 5*w - 1. What are the prime factors of n(-3)?
2, 5, 23
Let u(c) = c - 1. Let b be u(5). Suppose 0 = -h - b*h - 70. List the prime factors of (5 + -2)*h/(-6).
7
Let j = -92 - -139. List the prime factors of j.
47
Let q(m) = -m**3 - 8*m**2 - 3*m - 13. What are the prime factors of q(-9)?
5, 19
Let s(g) = -g**3 + 3*g**2 + g - 1. Let w be s(3). Suppose 8 = k - w. Let f = 17 - k. List the prime factors of f.
7
Let f(g) = g + 